
Is 22573518 a multiple of 341?
True
Does 123 divide 68657862?
True
Is 175885400 a multiple of 40?
True
Is 43492722 a multiple of 6?
True
Is 227613513 a multiple of 37?
False
Is 321 a factor of 395083857?
False
Does 769 divide 52781084?
True
Is 99684013 a multiple of 231?
False
Is 42560437 a multiple of 11?
False
Is 45989814 a multiple of 3?
True
Does 2183 divide 62636819?
True
Is 14 a factor of 22266678?
True
Does 38 divide 14046168?
True
Is 315320736 a multiple of 6893?
False
Does 134 divide 98344102?
False
Does 38 divide 1592931234?
True
Does 19 divide 873731207?
True
Is 194 a factor of 17614424?
True
Is 117 a factor of 52960247?
False
Is 45691500 a multiple of 2?
True
Does 15 divide 2342134320?
True
Does 3 divide 1925998?
False
Is 75412628 a multiple of 734?
True
Is 893 a factor of 71743933?
False
Is 27465088 a multiple of 78?
False
Is 29 a factor of 1028087?
False
Is 2804458174 a multiple of 178?
True
Does 46 divide 10441848?
False
Is 28840889 a multiple of 11?
True
Is 9 a factor of 809014608?
True
Is 537025760 a multiple of 583?
False
Is 269 a factor of 100252174?
False
Does 2609 divide 46237321?
False
Is 37389816 a multiple of 564?
True
Is 13205322 a multiple of 428?
False
Is 83 a factor of 39994131?
True
Is 1577460 a multiple of 122?
True
Does 2084 divide 5075084705?
False
Is 258532498 a multiple of 21?
False
Is 10 a factor of 59027110?
True
Does 1719 divide 104850405?
True
Is 1764 a factor of 1403839855?
False
Is 860 a factor of 2821790720?
True
Does 8 divide 130097464?
True
Is 3550777790 a multiple of 1625?
False
Is 1760198638 a multiple of 6589?
True
Is 90 a factor of 534056550?
False
Does 215 divide 26252145?
True
Is 11 a factor of 6932321814?
True
Does 542 divide 1033580999?
False
Is 1550204916 a multiple of 2095?
False
Is 728 a factor of 161904033?
False
Is 3548 a factor of 494903424?
True
Does 3886 divide 54192003?
False
Does 11 divide 65049369?
True
Is 58 a factor of 1380752814?
True
Does 8 divide 12260128?
True
Does 1048 divide 19984312?
True
Is 186800297 a multiple of 70?
False
Does 103 divide 900819666?
True
Is 39037295 a multiple of 99?
False
Is 6388956 a multiple of 126?
True
Is 29 a factor of 16361426?
False
Is 19493655 a multiple of 691?
False
Is 121 a factor of 26630285?
True
Does 77 divide 2954578560?
False
Does 8 divide 3388275896?
True
Is 13073 a factor of 3278895760?
False
Is 1468 a factor of 142652900?
True
Is 7677054 a multiple of 14?
True
Is 71 a factor of 1023913?
False
Is 212465258 a multiple of 1178?
True
Is 286 a factor of 106755792?
True
Is 15427370 a multiple of 29?
False
Is 350 a factor of 1462419350?
True
Is 1820771916 a multiple of 141?
True
Does 41 divide 140680958?
False
Does 650 divide 3896486750?
True
Does 264 divide 307313576?
False
Does 12 divide 253272849?
False
Does 872 divide 3440813777?
False
Does 2018 divide 131307224?
True
Is 10869 a factor of 3629175337?
False
Is 154 a factor of 18033400?
True
Is 598220092 a multiple of 76?
True
Does 6 divide 2668704?
True
Is 40238820 a multiple of 5?
True
Is 21 a factor of 25832822?
False
Is 3138641476 a multiple of 150?
False
Does 1091 divide 12863720?
False
Is 5 a factor of 89435315?
True
Is 525 a factor of 3000900?
True
Does 10 divide 858081980?
True
Is 79 a factor of 61091330?
False
Is 97507321 a multiple of 101?
False
Does 2260 divide 354994571?
False
Is 4678413792 a multiple of 6458?
False
Is 80351934 a multiple of 130?
False
Is 23696815 a multiple of 66?
False
Is 240 a factor of 550829760?
True
Is 57023937 a multiple of 753?
True
Is 108 a factor of 536869646?
False
Is 87 a factor of 83573836?
False
Does 33 divide 1470249?
True
Does 647 divide 15503554?
False
Is 28 a factor of 2790004?
True
Is 2452708 a multiple of 7?
False
Is 129 a factor of 103367813?
False
Does 15 divide 17284627?
False
Is 286 a factor of 18244798?
True
Is 236128496 a multiple of 243?
False
Is 24398781 a multiple of 205?
False
Does 98 divide 13476274?
True
Does 5 divide 1699953480?
True
Is 1445 a factor of 302983453?
False
Is 26719282 a multiple of 15?
False
Is 13675350 a multiple of 25?
True
Does 353 divide 947716150?
False
Does 14 divide 512529752?
True
Is 14132841 a multiple of 11?
False
Is 58 a factor of 33035972?
False
Is 160 a factor of 977496960?
True
Is 2155751 even?
False
Is 33724726 a multiple of 515?
False
Does 2532 divide 1513467514?
False
Is 11790568 a multiple of 296?
True
Is 198861570 a multiple of 30?
True
Does 44 divide 17568364?
True
Does 4912 divide 307839952?
True
Is 71726546 a multiple of 972?
False
Is 198597870 a multiple of 2593?
True
Is 608 a factor of 1002858111?
False
Does 17 divide 4294325044?
False
Is 301138125 a multiple of 475?
True
Is 39707876 a multiple of 240?
False
Is 350870476 a multiple of 11?
True
Does 1911 divide 114524319?
True
Is 15983900 a multiple of 15?
False
Is 826 a factor of 24480988?
True
Is 1107120320 a multiple of 4855?
False
Does 29 divide 1239858218?
False
Is 22 a factor of 279798365?
False
Is 14 a factor of 90483722?
True
Is 208 a factor of 17498541?
False
Does 98 divide 361389112?
True
Is 77 a factor of 1983124990?
True
Is 1027 a factor of 124261792?
False
Does 84 divide 118696669?
False
Is 18259940 a multiple of 422?
True
Does 144 divide 2346768?
True
Is 156 a factor of 14138592?
True
Is 789 a factor of 10928439?
True
Is 8 a factor of 29356049?
False
Is 35110269 a multiple of 141?
True
Is 50 a factor of 496202650?
True
Is 18746329 a multiple of 263?
False
Is 581 a factor of 3277826305?
False
Does 228 divide 43666332?
True
Is 944046784 a multiple of 1048?
True
Does 1022 divide 286857004?
True
Is 105377012 a multiple of 9?
False
Is 4015289 a multiple of 907?
True
Is 12 a factor of 482736?
True
Is 681 a factor of 58385535?
True
Is 175 a factor of 40817700?
True
Is 2381082 a multiple of 296?
False
Is 46491286 a multiple of 2606?
False
Is 418912074 a multiple of 3231?
True
Is 239 a factor of 315061?
False
Is 24 a factor of 368608800?
True
Is 49 a factor of 72900509?
False
Is 43889541 a multiple of 1191?
True
Is 28 a factor of 362976292?
True
Is 1169504367 a multiple of 250?
False
Is 26198208 a multiple of 8?
True
Does 651 divide 447985947?
False
Does 23 divide 2697101746?
False
Is 277 a factor of 5690467?
False
Does 107 divide 2005099?
False
Does 42 divide 14589795?
False
Is 141175093 a multiple of 19?
False
Is 34283980 a multiple of 44?
False
Is 102134930 a multiple of 1306?
False
Is 665104 a multiple of 22?
True
Is 12 a factor of 50197632?
True
Is 7226574 a multiple of 38?
True
Does 505 divide 5014145?
True
Does 2287 divide 2851314963?
True
Is 108707968 a multiple of 4104?
False
Does 59 divide 709538130?
True
Is 279 a factor of 121401219?
False
Is 6435952 a multiple of 92?
True
Is 32090520 a multiple of 506?
True
Is 3090723 a multiple of 48?
False
Is 408 a factor of 561105625?
False
Is 1477 a factor of 459815209?
True
Is 82 a factor of 1330417118?
True
Is 270 a factor of 444627178?
False
Is 1694149 a multiple of 1100?
False
Is 14236 a factor of 1546478755?
False
Is 1853 a factor of 52669672?
True
Is 182065843 a multiple of 206?
False
Is 1177691339 a multiple of 691?
True
Does 6 divide 94749816?
True
Is 265 a factor of 81882652?
False
Does 125 divide 92705125?
True
Does 637 divide 23321844?
True
Does 2188 divide 96827752?
True
Is 120103516 a multiple of 2932?
True
Is 3829716 a multiple of 4?
True
Does 675 divide 3723105?
False
Is 32800145 a multiple of 7?
True
Does 24 divide 13727219?
False
Is 375 a factor of 47684608?
False
Is 126 a factor of 4123854?
True
Is 26875464 a multiple of 84?
True
Is 1052150430 a multiple of 15?
True
Is 606 a factor of 14398560?
True
Is 168047637 a multiple of 30?
False
Is 324306880 a multiple of 80?
True
Does 23 divide 56931877?
True
Does 9 divide 4397570?
False
Is 86941600 a multiple of 160?
True
Does 17 divide 787688102?
False
Does 47 divide 138307095?
False
Is 23298330 a multiple of 15?
True
Is 1889 a factor of 4069508858?
False
Is 15 a factor of 483855855?
True
Does 17 divide 1595722?
True
Does 209 divide 136221811?
True
Is 1629937687 a multiple of 592?
False
Is 14 a factor of 2643229585?
False
Is 11 a factor of 863760700?
True
Is 522 a factor of 340112754?
True
Is 295591745 a multiple of 23?
True
Is 72 a factor of 1203706?
False
Does 186 divide 946839548?
False
Is 539878625 a multiple of 65?
Tr